ert 203712 (base 8) to base 13.
24978
What is -319ea (base 16) in base 12?
-9974a
1770811 (base 9) to base 13
289312
Convert 2c825 (base 15) to base 14.
3a481
-210020213300 (base 4) to base 11
-538a910
What is 837050 (base 11) in base 4?
11013210013
111101010011000101001 (base 2) to base 11
1152116
1077310 (base 8) to base 6
10151520
-406444 (base 8) to base 5
-13300221
713a5 (base 16) to base 14
c1033
-7b464 (base 12) to base 5
-20233222
313005011 (base 6) to base 12
19b3767
What is -1a605 (base 15) in base 2?
-10100111011100010
Convert -20200102210 (base 3) to base 8.
-400722
Convert -111110010011101101010 (base 2) to base 11.
-1174a67
Convert -232111443 (base 5) to base 3.
-1222101112020
-230012300 (base 4) to base 16
-2c1b0
22763742 (base 8) to base 14
936c5c
What is -2240610 (base 8) in base 9?
-1124080
What is -143314424 (base 5) in base 15?
-100579
Convert 5515553 (base 6) to base 7.
2223006
Convert 45202524 (base 7) to base 15.
5258c0
137a8 (base 16) to base 14
2110c
-96b50 (base 15) to base 2
-1110100110011011001
Convert 253230534 (base 7) to base 6.
1331453303
What is -103353602 (base 8) in base 11?
-9a89576
What is 122002221002 (base 3) in base 10?
336746
33323331233 (base 4) to base 6
225313315
-1111202220122 (base 3) to base 13
-2213ba
Convert 10110011010000010000001 (base 2) to base 9.
12042286
What is 17163804 (base 9) in base 3?
121012010220011
What is 3636065 (base 9) in base 5?
1001111413
What is -20222021202 (base 4) in base 15?
-2ec7e9
What is 13322201202 (base 4) in base 2?
111111010100001100010
What is -14444113 (base 6) in base 16?
-7afcd
Convert -2112112110 (base 3) to base 15.
-ec0c
121121330 (base 4) to base 11
71200
21000011000 (base 3) to base 13
4a9bb
Convert 2c5c6 (base 14) to base 4.
123011002
What is -1004844 (base 9) in base 7?
-4355620
-220231020 (base 5) to base 4
-3212321200
-2305515 (base 7) to base 11
-187168
Convert -15324316 (base 7) to base 2.
-101100110100001111111
What is -2010002002002 (base 3) in base 12?
-462185
-144295 (base 16) to base 5
-314442030
51330333 (base 6) to base 13
3c7a01
What is -11aa0c (base 13) in base 16?
-67666
What is 368056 (base 11) in base 15?
b7558
-506b7 (base 14) to base 10
-193417
What is -1001100110111000110010 (base 2) in base 8?
-11467062
613772 (base 8) to base 9
338103
131901 (base 11) to base 9
345438
Convert 318213 (base 9) to base 10.
189714
Convert 13205 (base 6) to base 14.
a45
What is 30221424 (base 6) in base 11?
536969
Convert 56a60 (base 11) to base 12.
3b883
What is -1704377 (base 8) in base 14?
-cbd71
What is -31613364 (base 7) in base 9?
-5053666
What is 6b51 (base 12) in base 4?
2323231
Convert -b35131 (base 12) to base 2.
-1010101101100101110101
Convert 200200112210122 (base 3) to base 9.
20615718
Convert 266a53 (base 13) to base 14.
1a2736
17735146 (base 9) to base 14
1289d6a
Convert 6680565 (base 9) to base 14.
698656
Convert 3384db (base 15) to base 13.
680b01
43602530 (base 7) to base 10
3748913
753c75 (base 16) to base 9
15410316
What is 8cba09 (base 14) in base 9?
10018456
What is -184762 (base 12) in base 2?
-1100111001100111010
3511814 (base 10) to base 4
31121120012
5d1b4 (base 14) to base 15
478c1
Convert -a6175 (base 15) to base 4.
-2000213303
-2516424 (base 7) to base 8
-1170646
-2120046 (base 7) to base 6
-5301313
Convert 206930 (base 11) to base 15.
6820a
11936a (base 12) to base 9
474731
Convert 47772b (base 12) to base 13.
31511c
What is -3210233011 (base 4) in base 16?
-e4bc5
Convert -c3fd (base 16) to base 2.
-1100001111111101
What is 460247 (base 11) in base 12?
2b3987
Convert -1316742 (base 8) to base 4.
-1121313202
23cbc7c (base 14) to base 9
35263515
332264 (base 7) to base 13
207b6
45663 (base 10) to base 2
1011001001011111
What is 100354153 (base 6) in base 12?
6a5959
1506163 (base 7) to base 6
4211404
1014419 (base 11) to base 13
4a9896
Convert -2142214 (base 5) to base 14.
-d7a0
Convert -1a4a629 (base 11) to base 8.
-15133356
What is -11111111010110011001 (base 2) in base 7?
-11614211
-33472123 (base 8) to base 14
-d6604b
What is 111dd5 (base 16) in base 10?
1121749
Convert 6e9a9d (base 15) to base 12.
1935a11
What is -2320120 (base 5) in base 9?
-63436
347420 (base 9) to base 4
302333010
Convert -17284 (base 9) to base 11.
-8a40
What is 6530544 (base 8) in base 3?
10021212122200
Convert -8821002 (base 9) to base 2.
-10010000100101011101101
Convert 261413 (base 7) to base 12.
24135
Convert -17763a (base 11) to base 7.
-2216511
-611505 (base 8) to base 7
-1466404
What is -203033020 (base 4) in base 10?
-144328
aba114 (base 12) to base 4
22123130200
What is 4b4134a (base 12) in base 3?
1000210012111011
11b534c (base 14) to base 2
100000011100001111111000
Convert 2c763 (base 13) to base 10.
84750
Convert 45102150 (base 7) to base 14.
7373d0
-30640562 (base 7) to base 14
-4b2a32
68cca8 (base 13) to base 2
1001011110101000101000
-23119 (base 12) to base 5
-2444241
1101154 (base 7) to base 2
100000111011100111
10201120 (base 6) to base 16
48348
Convert 389998 (base 16) to base 9.
6873224
Convert 155311 (base 7) to base 16.
77da
c6188 (base 13) to base 3
200002121102
-5010460 (base 9) to base 4
-22022123100
What is 4753 (base 12) in base 11?
5aa8
What is -1225115 (base 6) in base 12?
-3219b
19bf1 (base 16) to base 12
51041
Convert 246956 (base 11) to base 15.
7a76c
-2545015 (base 6) to base 15
-2b062
What is b052b (base 16) in base 6?
23251335
282605 (base 9) to base 4
222013313
What is 110001110000001110111110 (base 2) in base 8?
61601676
What is 4f3cc (base 16) in base 10?
324556
Convert 123244004 (base 5) to base 6.
20531404
What is -612639 (base 13) in base 4?
-20220030033
3510035 (base 7) to base 15
8a2de
Convert 2384316 (base 9) to base 11.
805521
32413041 (base 5) to base 3
112011220202
What is 12e3b3 (base 15) in base 4?
3131312232
What is -1040312 (base 8) in base 3?
-112011100100
-1234553 (base 8) to base 4
-1103211223
What is -5cd42 (base 14) in base 3?
-102120020011
75cdb (base 16) to base 15
97e83
What is -68a064 (base 14) in base 2?
-1101100101100101001000
What is -12055460 (base 7) in base 13?
-2b73c0
1a61a (base 15) to base 12
4175a
2403aa (base 12) to base 7
4640242
Convert -114147 (base 10) to base 12.
-56083
63654051 (base 7) to base 15
71c790
Convert -60224 (base 9) to base 14.
-105b0
Convert 581213 (base 13) to base 9.
3831458
Convert 5b298 (base 12) to base 15.
26712
What is 69995 (base 10) in base 6?
1300015
Convert -97361 (base 10) to base 11.
-67170
-2068227 (base 9) to base 11
-697726
-147b1e (base 16) to base 15
-1b7a78
Convert 1bc84a (base 16) to base 11.
1033a54
-4e0de (base 16) to base 15
-64ae0
-1000000000011010110 (base 2) to base 6
-5342342
b846c (base 13) to base 6
11043225
What is -41498 (base 13) in base 11?
-800a4
49e422 (base 15) to base 9
6586675
What is -1a93b75 (base 12) in base 15?
-76e525
29a05 (base 16) to base 3
22122212212
What is -25851 (base 15) in base 3?
-20002121111
4705647 (base 8) to base 14
254b55
-664616 (base 9) to base 3
-202011200120
Convert 5444241 (base 7) to base 16.
a2bd0
What is -4372371 (base 8) in base 11?
-734191
2a7a26 (base 11) to base 16
74f5b
What is -1643009 (base 10) in base 11?
-a22465
Convert -282347 (base 9) to base 10.
-172330
What is 12011100011 (base 3) in base 2?
11000110011001010
b0a09 (base 15) to base 12
22b6a6
Convert -10430241 (base 5) to base 13.
-3319b
Convert -1111100220202 (base 3) to base 2.
-11000001111110110101
Convert -110112100212 (base 3) to base 9.
-415325
Convert -101022000220212 (base 3) to base 5.
-2400110140
What is 1200051 (base 7) in base 13?
53b35
20011000101 (base 3) to base 10
121024
What is 8d150 (base 16) in base 2?
10001101000101010000
113020313112 (base 4) to base 5
3023044442
What is -323110103013 (base 4) in base 10?
-15549639
-241242331 (base 5) to base 9
-2084220
What is 1140440412 (base 5) in base 6?
133131221
What is 22cd9b (base 14) in base 4?
10202003331
What is 4033232432 (base 5) in base 2?
11110111010000101100010
Convert 153220 (base 7) to base 12.
15401
262475 (base 9) to base 14
420b8
What is 347354 (base 9) in base 4?
302332102
-154dba (base 14) to base 9
-1353013
Convert 422141 (base 6) to base 4.
20112031
837b67 (base 12) to base 5
1012112443
What is 102300312022 (base 4) in base 16?
4b0d8a
-2120010021 (base